{"id":5874,"date":"2022-10-07T17:36:59","date_gmt":"2022-10-07T17:36:59","guid":{"rendered":"https:\/\/www.seiu105.org\/?page_id=5874"},"modified":"2022-10-07T17:45:39","modified_gmt":"2022-10-07T17:45:39","slug":"leadership-summit-2022-agenda-and-information-for-the-day","status":"publish","type":"page","link":"https:\/\/www.seiu105.org\/es\/leadership-summit-2022-agenda-and-information-for-the-day\/","title":{"rendered":"Leadership Summit 2022\/\/ Cumbre De Liderazgo 2022"},"content":{"rendered":"<p class=\"has-text-align-center has-black-color has-luminous-vivid-amber-background-color has-text-color has-background has-medium-font-size\"><strong><a href=\"https:\/\/bit.ly\/22agenda105\">CLICK HERE FOR THE AGENDA\/\/OPRIME AQUI PARA LA AGENDA<\/a><\/strong><\/p>\n\n\n\n<p><em>Sigue en Espa\u00f1ol<\/em><\/p>\n\n\n\n<p><strong>105 Leadership Summit Attendee,<\/strong><\/p>\n\n\n\n<p>Our union is thrilled to see so many leaders join together tomorrow for our first in-person SEIU Local 105 Leadership Summit in 2 years! We look forward to a powerful day of sharing and learning from union members across the many industries of our local.<\/p>\n\n\n\n<p>Below you will find the details, agenda, and links for tomorrow\u2019s summit.<\/p>\n\n\n\n<ul class=\"wp-block-list\"><li>Location: Doubletree Hotel: 4040 Quebec St, Denver, CO 80216<\/li><li>Registration and breakfast will be provided starting at 9 AM.<ul><li>Please arrive early to complete registration before the summit begins at 10 AM.<\/li><\/ul><\/li><li><a href=\"https:\/\/bit.ly\/22agenda105\"><strong>Click here for the full Summit Agenda.<\/strong><\/a><\/li><li>For those watching the summit virtually, you will find the stream on our union Facebook page at: <strong>www.facebook.com\/seiu105<\/strong><\/li><\/ul>\n\n\n\n<p>As a reminder, masks will be required during the summit to continue doing our part to keep our union family safe from COVID-19.<\/p>\n\n\n\n<p>See you tomorrow!<\/p>\n\n\n\n<p>DeQuan Mack<\/p>\n\n\n\n<hr class=\"wp-block-separator\"\/>\n\n\n\n<p><strong>105 Participante a la Cumbre de Liderazgo,<\/strong><\/p>\n\n\n\n<p>\u00a1Nuestro sindicato est\u00e1 encantado de ver a tantos l\u00edderes unirse ma\u00f1ana para nuestra primera Cumbre de Liderazgo SEIU Local 105 en persona en 2 a\u00f1os! Esperamos un poderoso d\u00eda de compartir y aprender de los miembros del sindicato en las muchas industrias de nuestro local.<\/p>\n\n\n\n<p>A continuaci\u00f3n encontrar\u00e1 los detalles, la agenda y los enlaces para la cumbre de ma\u00f1ana.<\/p>\n\n\n\n<ul class=\"wp-block-list\"><li>Ubicaci\u00f3n: Hotel Doubletree: 4040 Quebec St, Denver, CO 80216<\/li><li>El registro y el desayuno se proporcionar\u00e1n a partir de las 9 a.m.<\/li><li>Llegue temprano para completar el registro antes de que comience la cumbre a las 10 a.m.<\/li><li><a href=\"https:\/\/bit.ly\/22agenda105\"><strong>Haga clic aqu\u00ed para ver la Agenda completa de la Cumbre.<\/strong><\/a><\/li><li>Para aquellos que van a participar en la cumbre virtualmente, encontrar\u00e1n la transmisi\u00f3n en la p\u00e1gina de Facebook de nuestro sindicato en: <strong>www.facebook.com\/seiu105<\/strong><\/li><\/ul>\n\n\n\n<p>Como recordatorio, se requerir\u00e1n m\u00e1scaras durante la cumbre para continuar haciendo nuestra parte para mantener a nuestra familia sindical a salvo de COVID-19.<\/p>\n\n\n\n<p>\u00a1Nos vemos ma\u00f1ana!<\/p>\n\n\n\n<p>DeQuan Mack<\/p>","protected":false},"excerpt":{"rendered":"<p>CLICK HERE FOR THE AGENDA\/\/OPRIME AQUI PARA LA AGENDA Sigue en Espa\u00f1ol 105 Leadership Summit Attendee, Our union is thrilled to see so many leaders join together tomorrow for our first in-person SEIU Local 105 Leadership Summit in 2 years! We look forward to a powerful day of sharing and learning from union members across [&hellip;]<\/p>","protected":false},"author":2,"featured_media":0,"parent":0,"menu_order":0,"comment_status":"closed","ping_status":"closed","template":"","meta":{"_exactmetrics_skip_tracking":false,"_exactmetrics_sitenote_active":false,"_exactmetrics_sitenote_note":"","_exactmetrics_sitenote_category":0,"footnotes":""},"class_list":["post-5874","page","type-page","status-publish","hentry"],"yoast_head":"<!-- This site is optimized with the Yoast SEO plugin v25.2 - https:\/\/yoast.com\/wordpress\/plugins\/seo\/ -->\n<title>Leadership Summit 2022\/\/ Cumbre De Liderazgo 2022 - SEIU Local 105<\/title>\n<meta name=\"robots\" content=\"index, follow, max-snippet:-1, max-image-preview:large, max-video-preview:-1\" \/>\n<link rel=\"canonical\" href=\"https:\/\/www.seiu105.org\/es\/leadership-summit-2022-agenda-and-information-for-the-day\/\" \/>\n<meta property=\"og:locale\" content=\"es_MX\" \/>\n<meta property=\"og:type\" content=\"article\" \/>\n<meta property=\"og:title\" content=\"Leadership Summit 2022\/\/ Cumbre De Liderazgo 2022 - SEIU Local 105\" \/>\n<meta property=\"og:description\" content=\"CLICK HERE FOR THE AGENDA\/\/OPRIME AQUI PARA LA AGENDA Sigue en Espa\u00f1ol 105 Leadership Summit Attendee, Our union is thrilled to see so many leaders join together tomorrow for our first in-person SEIU Local 105 Leadership Summit in 2 years! We look forward to a powerful day of sharing and learning from union members across [&hellip;]\" \/>\n<meta property=\"og:url\" content=\"https:\/\/www.seiu105.org\/es\/leadership-summit-2022-agenda-and-information-for-the-day\/\" \/>\n<meta property=\"og:site_name\" content=\"SEIU Local 105\" \/>\n<meta property=\"article:publisher\" content=\"https:\/\/www.facebook.com\/SEIU105\" \/>\n<meta property=\"article:modified_time\" content=\"2022-10-07T17:45:39+00:00\" \/>\n<meta property=\"og:image\" content=\"https:\/\/www.seiu105.org\/wp-content\/uploads\/2019\/12\/seiu105-fb.jpg\" \/>\n\t<meta property=\"og:image:width\" content=\"2000\" \/>\n\t<meta property=\"og:image:height\" content=\"1500\" \/>\n\t<meta property=\"og:image:type\" content=\"image\/jpeg\" \/>\n<meta name=\"twitter:card\" content=\"summary_large_image\" \/>\n<meta name=\"twitter:site\" content=\"@SEIU105\" \/>\n<meta name=\"twitter:label1\" content=\"Tiempo de lectura\" \/>\n\t<meta name=\"twitter:data1\" content=\"2 minutos\" \/>\n<script type=\"application\/ld+json\" class=\"yoast-schema-graph\">{\"@context\":\"https:\/\/schema.org\",\"@graph\":[{\"@type\":\"WebPage\",\"@id\":\"https:\/\/www.seiu105.org\/es\/leadership-summit-2022-agenda-and-information-for-the-day\/\",\"url\":\"https:\/\/www.seiu105.org\/es\/leadership-summit-2022-agenda-and-information-for-the-day\/\",\"name\":\"Leadership Summit 2022\/\/ Cumbre De Liderazgo 2022 - SEIU Local 105\",\"isPartOf\":{\"@id\":\"https:\/\/live-seiu-local-105.pantheonsite.io\/#website\"},\"datePublished\":\"2022-10-07T17:36:59+00:00\",\"dateModified\":\"2022-10-07T17:45:39+00:00\",\"breadcrumb\":{\"@id\":\"https:\/\/www.seiu105.org\/es\/leadership-summit-2022-agenda-and-information-for-the-day\/#breadcrumb\"},\"inLanguage\":\"es\",\"potentialAction\":[{\"@type\":\"ReadAction\",\"target\":[\"https:\/\/www.seiu105.org\/es\/leadership-summit-2022-agenda-and-information-for-the-day\/\"]}]},{\"@type\":\"BreadcrumbList\",\"@id\":\"https:\/\/www.seiu105.org\/es\/leadership-summit-2022-agenda-and-information-for-the-day\/#breadcrumb\",\"itemListElement\":[{\"@type\":\"ListItem\",\"position\":1,\"name\":\"Home\",\"item\":\"https:\/\/live-seiu-local-105.pantheonsite.io\/\"},{\"@type\":\"ListItem\",\"position\":2,\"name\":\"Leadership Summit 2022\/\/ Cumbre De Liderazgo 2022\"}]},{\"@type\":\"WebSite\",\"@id\":\"https:\/\/live-seiu-local-105.pantheonsite.io\/#website\",\"url\":\"https:\/\/live-seiu-local-105.pantheonsite.io\/\",\"name\":\"SEIU Local 105\",\"description\":\"\",\"publisher\":{\"@id\":\"https:\/\/live-seiu-local-105.pantheonsite.io\/#organization\"},\"potentialAction\":[{\"@type\":\"SearchAction\",\"target\":{\"@type\":\"EntryPoint\",\"urlTemplate\":\"https:\/\/live-seiu-local-105.pantheonsite.io\/?s={search_term_string}\"},\"query-input\":{\"@type\":\"PropertyValueSpecification\",\"valueRequired\":true,\"valueName\":\"search_term_string\"}}],\"inLanguage\":\"es\"},{\"@type\":\"Organization\",\"@id\":\"https:\/\/live-seiu-local-105.pantheonsite.io\/#organization\",\"name\":\"SEIU Local 105\",\"url\":\"https:\/\/live-seiu-local-105.pantheonsite.io\/\",\"logo\":{\"@type\":\"ImageObject\",\"inLanguage\":\"es\",\"@id\":\"https:\/\/live-seiu-local-105.pantheonsite.io\/#\/schema\/logo\/image\/\",\"url\":\"https:\/\/live-seiu-local-105.pantheonsite.io\/wp-content\/uploads\/2019\/08\/seiu105-logo-box.jpg\",\"contentUrl\":\"https:\/\/live-seiu-local-105.pantheonsite.io\/wp-content\/uploads\/2019\/08\/seiu105-logo-box.jpg\",\"width\":1500,\"height\":1500,\"caption\":\"SEIU Local 105\"},\"image\":{\"@id\":\"https:\/\/live-seiu-local-105.pantheonsite.io\/#\/schema\/logo\/image\/\"},\"sameAs\":[\"https:\/\/www.facebook.com\/SEIU105\",\"https:\/\/x.com\/SEIU105\",\"https:\/\/www.youtube.com\/channel\/UCi4D3lDRABd_KewLDS74_cQ\"]}]}<\/script>\n<!-- \/ Yoast SEO plugin. -->","yoast_head_json":{"title":"Leadership Summit 2022\/\/ Cumbre De Liderazgo 2022 - SEIU Local 105","robots":{"index":"index","follow":"follow","max-snippet":"max-snippet:-1","max-image-preview":"max-image-preview:large","max-video-preview":"max-video-preview:-1"},"canonical":"https:\/\/www.seiu105.org\/es\/leadership-summit-2022-agenda-and-information-for-the-day\/","og_locale":"es_MX","og_type":"article","og_title":"Leadership Summit 2022\/\/ Cumbre De Liderazgo 2022 - SEIU Local 105","og_description":"CLICK HERE FOR THE AGENDA\/\/OPRIME AQUI PARA LA AGENDA Sigue en Espa\u00f1ol 105 Leadership Summit Attendee, Our union is thrilled to see so many leaders join together tomorrow for our first in-person SEIU Local 105 Leadership Summit in 2 years! We look forward to a powerful day of sharing and learning from union members across [&hellip;]","og_url":"https:\/\/www.seiu105.org\/es\/leadership-summit-2022-agenda-and-information-for-the-day\/","og_site_name":"SEIU Local 105","article_publisher":"https:\/\/www.facebook.com\/SEIU105","article_modified_time":"2022-10-07T17:45:39+00:00","og_image":[{"width":2000,"height":1500,"url":"https:\/\/www.seiu105.org\/wp-content\/uploads\/2019\/12\/seiu105-fb.jpg","type":"image\/jpeg"}],"twitter_card":"summary_large_image","twitter_site":"@SEIU105","twitter_misc":{"Tiempo de lectura":"2 minutos"},"schema":{"@context":"https:\/\/schema.org","@graph":[{"@type":"WebPage","@id":"https:\/\/www.seiu105.org\/es\/leadership-summit-2022-agenda-and-information-for-the-day\/","url":"https:\/\/www.seiu105.org\/es\/leadership-summit-2022-agenda-and-information-for-the-day\/","name":"Leadership Summit 2022\/\/ Cumbre De Liderazgo 2022 - SEIU Local 105","isPartOf":{"@id":"https:\/\/live-seiu-local-105.pantheonsite.io\/#website"},"datePublished":"2022-10-07T17:36:59+00:00","dateModified":"2022-10-07T17:45:39+00:00","breadcrumb":{"@id":"https:\/\/www.seiu105.org\/es\/leadership-summit-2022-agenda-and-information-for-the-day\/#breadcrumb"},"inLanguage":"es","potentialAction":[{"@type":"ReadAction","target":["https:\/\/www.seiu105.org\/es\/leadership-summit-2022-agenda-and-information-for-the-day\/"]}]},{"@type":"BreadcrumbList","@id":"https:\/\/www.seiu105.org\/es\/leadership-summit-2022-agenda-and-information-for-the-day\/#breadcrumb","itemListElement":[{"@type":"ListItem","position":1,"name":"Home","item":"https:\/\/live-seiu-local-105.pantheonsite.io\/"},{"@type":"ListItem","position":2,"name":"Leadership Summit 2022\/\/ Cumbre De Liderazgo 2022"}]},{"@type":"WebSite","@id":"https:\/\/live-seiu-local-105.pantheonsite.io\/#website","url":"https:\/\/live-seiu-local-105.pantheonsite.io\/","name":"SEIU Local 105","description":"","publisher":{"@id":"https:\/\/live-seiu-local-105.pantheonsite.io\/#organization"},"potentialAction":[{"@type":"SearchAction","target":{"@type":"EntryPoint","urlTemplate":"https:\/\/live-seiu-local-105.pantheonsite.io\/?s={search_term_string}"},"query-input":{"@type":"PropertyValueSpecification","valueRequired":true,"valueName":"search_term_string"}}],"inLanguage":"es"},{"@type":"Organization","@id":"https:\/\/live-seiu-local-105.pantheonsite.io\/#organization","name":"SEIU Local 105","url":"https:\/\/live-seiu-local-105.pantheonsite.io\/","logo":{"@type":"ImageObject","inLanguage":"es","@id":"https:\/\/live-seiu-local-105.pantheonsite.io\/#\/schema\/logo\/image\/","url":"https:\/\/live-seiu-local-105.pantheonsite.io\/wp-content\/uploads\/2019\/08\/seiu105-logo-box.jpg","contentUrl":"https:\/\/live-seiu-local-105.pantheonsite.io\/wp-content\/uploads\/2019\/08\/seiu105-logo-box.jpg","width":1500,"height":1500,"caption":"SEIU Local 105"},"image":{"@id":"https:\/\/live-seiu-local-105.pantheonsite.io\/#\/schema\/logo\/image\/"},"sameAs":["https:\/\/www.facebook.com\/SEIU105","https:\/\/x.com\/SEIU105","https:\/\/www.youtube.com\/channel\/UCi4D3lDRABd_KewLDS74_cQ"]}]}},"_links":{"self":[{"href":"https:\/\/www.seiu105.org\/es\/wp-json\/wp\/v2\/pages\/5874","targetHints":{"allow":["GET"]}}],"collection":[{"href":"https:\/\/www.seiu105.org\/es\/wp-json\/wp\/v2\/pages"}],"about":[{"href":"https:\/\/www.seiu105.org\/es\/wp-json\/wp\/v2\/types\/page"}],"author":[{"embeddable":true,"href":"https:\/\/www.seiu105.org\/es\/wp-json\/wp\/v2\/users\/2"}],"replies":[{"embeddable":true,"href":"https:\/\/www.seiu105.org\/es\/wp-json\/wp\/v2\/comments?post=5874"}],"version-history":[{"count":4,"href":"https:\/\/www.seiu105.org\/es\/wp-json\/wp\/v2\/pages\/5874\/revisions"}],"predecessor-version":[{"id":5881,"href":"https:\/\/www.seiu105.org\/es\/wp-json\/wp\/v2\/pages\/5874\/revisions\/5881"}],"wp:attachment":[{"href":"https:\/\/www.seiu105.org\/es\/wp-json\/wp\/v2\/media?parent=5874"}],"curies":[{"name":"wp","href":"https:\/\/api.w.org\/{rel}","templated":true}]}}

<p class="has-text-align-center has-black-color has-luminous-vivid-amber-background-color has-text-color has-background has-medium-font-size"><strong><a href="https://bit.ly/22agenda105">CLICK HERE FOR THE AGENDA//OPRIME AQUI PARA LA AGENDA</a></strong></p>



<p><em>Sigue en Español</em></p>



<p><strong>105 Leadership Summit Attendee,</strong></p>



<p>Our union is thrilled to see so many leaders join together tomorrow for our first in-person SEIU Local 105 Leadership Summit in 2 years! We look forward to a powerful day of sharing and learning from union members across the many industries of our local.</p>



<p>Below you will find the details, agenda, and links for tomorrow’s summit.</p>



<ul class="wp-block-list"><li>Location: Doubletree Hotel: 4040 Quebec St, Denver, CO 80216</li><li>Registration and breakfast will be provided starting at 9 AM.<ul><li>Please arrive early to complete registration before the summit begins at 10 AM.</li></ul></li><li><a href="https://bit.ly/22agenda105"><strong>Click here for the full Summit Agenda.</strong></a></li><li>For those watching the summit virtually, you will find the stream on our union Facebook page at: <strong>www.facebook.com/seiu105</strong></li></ul>



<p>As a reminder, masks will be required during the summit to continue doing our part to keep our union family safe from COVID-19.</p>



<p>See you tomorrow!</p>



<p>DeQuan Mack</p>



<hr class="wp-block-separator"/>



<p><strong>105 Participante a la Cumbre de Liderazgo,</strong></p>



<p>¡Nuestro sindicato está encantado de ver a tantos líderes unirse mañana para nuestra primera Cumbre de Liderazgo SEIU Local 105 en persona en 2 años! Esperamos un poderoso día de compartir y aprender de los miembros del sindicato en las muchas industrias de nuestro local.</p>



<p>A continuación encontrará los detalles, la agenda y los enlaces para la cumbre de mañana.</p>



<ul class="wp-block-list"><li>Ubicación: Hotel Doubletree: 4040 Quebec St, Denver, CO 80216</li><li>El registro y el desayuno se proporcionarán a partir de las 9 a.m.</li><li>Llegue temprano para completar el registro antes de que comience la cumbre a las 10 a.m.</li><li><a href="https://bit.ly/22agenda105"><strong>Haga clic aquí para ver la Agenda completa de la Cumbre.</strong></a></li><li>Para aquellos que van a participar en la cumbre virtualmente, encontrarán la transmisión en la página de Facebook de nuestro sindicato en: <strong>www.facebook.com/seiu105</strong></li></ul>



<p>Como recordatorio, se requerirán máscaras durante la cumbre para continuar haciendo nuestra parte para mantener a nuestra familia sindical a salvo de COVID-19.</p>



<p>¡Nos vemos mañana!</p>



<p>DeQuan Mack</p>

<p>CLICK HERE FOR THE AGENDA//OPRIME AQUI PARA LA AGENDA Sigue en Español 105 Leadership Summit Attendee, Our union is thrilled to see so many leaders join together tomorrow for our first in-person SEIU Local 105 Leadership Summit in 2 years! We look forward to a powerful day of sharing and learning from union members across [&hellip;]</p>

<!-- This site is optimized with the Yoast SEO plugin v25.2 - https://yoast.com/wordpress/plugins/seo/ -->
<title>Leadership Summit 2022// Cumbre De Liderazgo 2022 - SEIU Local 105</title>
<meta name="robots" content="index, follow, max-snippet:-1, max-image-preview:large, max-video-preview:-1" />
<link rel="canonical" href="https://www.seiu105.org/es/leadership-summit-2022-agenda-and-information-for-the-day/" />
<meta property="og:locale" content="es_MX" />
<meta property="og:type" content="article" />
<meta property="og:title" content="Leadership Summit 2022// Cumbre De Liderazgo 2022 - SEIU Local 105" />
<meta property="og:description" content="CLICK HERE FOR THE AGENDA//OPRIME AQUI PARA LA AGENDA Sigue en Español 105 Leadership Summit Attendee, Our union is thrilled to see so many leaders join together tomorrow for our first in-person SEIU Local 105 Leadership Summit in 2 years! We look forward to a powerful day of sharing and learning from union members across [&hellip;]" />
<meta property="og:url" content="https://www.seiu105.org/es/leadership-summit-2022-agenda-and-information-for-the-day/" />
<meta property="og:site_name" content="SEIU Local 105" />
<meta property="article:publisher" content="https://www.facebook.com/SEIU105" />
<meta property="article:modified_time" content="2022-10-07T17:45:39+00:00" />
<meta property="og:image" content="https://www.seiu105.org/wp-content/uploads/2019/12/seiu105-fb.jpg" />
	<meta property="og:image:width" content="2000" />
	<meta property="og:image:height" content="1500" />
	<meta property="og:image:type" content="image/jpeg" />
<meta name="twitter:card" content="summary_large_image" />
<meta name="twitter:site" content="@SEIU105" />
<meta name="twitter:label1" content="Tiempo de lectura" />
	<meta name="twitter:data1" content="2 minutos" />
<script type="application/ld+json" class="yoast-schema-graph">{"@context":"https://schema.org","@graph":[{"@type":"WebPage","@id":"https://www.seiu105.org/es/leadership-summit-2022-agenda-and-information-for-the-day/","url":"https://www.seiu105.org/es/leadership-summit-2022-agenda-and-information-for-the-day/","name":"Leadership Summit 2022// Cumbre De Liderazgo 2022 - SEIU Local 105","isPartOf":{"@id":"https://live-seiu-local-105.pantheonsite.io/#website"},"datePublished":"2022-10-07T17:36:59+00:00","dateModified":"2022-10-07T17:45:39+00:00","breadcrumb":{"@id":"https://www.seiu105.org/es/leadership-summit-2022-agenda-and-information-for-the-day/#breadcrumb"},"inLanguage":"es","potentialAction":[{"@type":"ReadAction","target":["https://www.seiu105.org/es/leadership-summit-2022-agenda-and-information-for-the-day/"]}]},{"@type":"BreadcrumbList","@id":"https://www.seiu105.org/es/leadership-summit-2022-agenda-and-information-for-the-day/#breadcrumb","itemListElement":[{"@type":"ListItem","position":1,"name":"Home","item":"https://live-seiu-local-105.pantheonsite.io/"},{"@type":"ListItem","position":2,"name":"Leadership Summit 2022// Cumbre De Liderazgo 2022"}]},{"@type":"WebSite","@id":"https://live-seiu-local-105.pantheonsite.io/#website","url":"https://live-seiu-local-105.pantheonsite.io/","name":"SEIU Local 105","description":"","publisher":{"@id":"https://live-seiu-local-105.pantheonsite.io/#organization"},"potentialAction":[{"@type":"SearchAction","target":{"@type":"EntryPoint","urlTemplate":"https://live-seiu-local-105.pantheonsite.io/?s={search_term_string}"},"query-input":{"@type":"PropertyValueSpecification","valueRequired":true,"valueName":"search_term_string"}}],"inLanguage":"es"},{"@type":"Organization","@id":"https://live-seiu-local-105.pantheonsite.io/#organization","name":"SEIU Local 105","url":"https://live-seiu-local-105.pantheonsite.io/","logo":{"@type":"ImageObject","inLanguage":"es","@id":"https://live-seiu-local-105.pantheonsite.io/#/schema/logo/image/","url":"https://live-seiu-local-105.pantheonsite.io/wp-content/uploads/2019/08/seiu105-logo-box.jpg","contentUrl":"https://live-seiu-local-105.pantheonsite.io/wp-content/uploads/2019/08/seiu105-logo-box.jpg","width":1500,"height":1500,"caption":"SEIU Local 105"},"image":{"@id":"https://live-seiu-local-105.pantheonsite.io/#/schema/logo/image/"},"sameAs":["https://www.facebook.com/SEIU105","https://x.com/SEIU105","https://www.youtube.com/channel/UCi4D3lDRABd_KewLDS74_cQ"]}]}</script>
<!-- / Yoast SEO plugin. -->

CLICK HERE FOR THE AGENDA//OPRIME AQUI PARA LA AGENDA Sigue en Español 105 Leadership Summit Attendee, Our union is thrilled to see so many leaders join together tomorrow for our first in-person SEIU Local 105 Leadership Summit in 2 years! We look forward to a powerful day of sharing and learning from union members across [&hellip;]
